by 80.
47
Calculate the remainder when 507 is divided by 9.
3
Calculate the remainder when 223 is divided by 177.
46
What is the remainder when 8430 is divided by 4?
2
What is the remainder when 784 is divided by 79?
73
Calculate the remainder when 87 is divided by 61.
26
Calculate the remainder when 1509 is divided by 57.
27
What is the remainder when 332 is divided by 7?
3
What is the remainder when 481 is divided by 123?
112
Calculate the remainder when 178 is divided by 39.
22
What is the remainder when 11 is divided by 6?
5
What is the remainder when 42 is divided by 19?
4
Calculate the remainder when 644 is divided by 72.
68
What is the remainder when 538 is divided by 78?
70
What is the remainder when 346 is divided by 4?
2
What is the remainder when 169 is divided by 17?
16
Calculate the remainder when 7094 is divided by 283.
19
Calculate the remainder when 233 is divided by 83.
67
Calculate the remainder when 1188 is divided by 10.
8
What is the remainder when 186 is divided by 21?
18
Calculate the remainder when 3656 is divided by 60.
56
What is the remainder when 20918 is divided by 40?
38
Calculate the remainder when 254 is divided by 32.
30
What is the remainder when 2216 is divided by 185?
181
Calculate the remainder when 537 is divided by 130.
17
Calculate the remainder when 64 is divided by 15.
4
Calculate the remainder when 177 is divided by 46.
39
Calculate the remainder when 14 is divided by 8.
6
Calculate the remainder when 1631 is divided by 16.
15
What is the remainder when 49 is divided by 24?
1
What is the remainder when 1052 is divided by 137?
93
Calculate the remainder when 203 is divided by 34.
33
Calculate the remainder when 364 is divided by 93.
85
Calculate the remainder when 114 is divided by 25.
14
What is the remainder when 124 is divided by 7?
5
What is the remainder when 277 is divided by 3?
1
What is the remainder when 273 is divided by 12?
9
Calculate the remainder when 90 is divided by 23.
21
Calculate the remainder when 1768 is divided by 144.
40
Calculate the remainder when 22615 is divided by 43.
40
What is the remainder when 43 is divided by 23?
20
Calculate the remainder when 18493 is divided by 272.
269
Calculate the remainder when 3948 is divided by 10.
8
What is the remainder when 123 is divided by 52?
19
What is the remainder when 271 is divided by 110?
51
What is the remainder when 300 is divided by 68?
28
What is the remainder when 116 is divided by 41?
34
Calculate the remainder when 262 is divided by 5.
2
Calculate the remainder when 109 is divided by 14.
11
What is the remainder when 209 is divided by 11?
0
What is the remainder when 504 is divided by 13?
10
Calculate the remainder when 3420 is divided by 59.
57
What is the remainder when 112 is divided by 18?
4
Calculate the remainder when 557 is divided by 62.
61
Calculate the remainder when 159 is divided by 10.
9
Calculate the remainder when 61 is divided by 3.
1
Calculate the remainder when 155 is divided by 16.
11
What is the remainder when 635 is divided by 129?
119
Calculate the remainder when 860 is divided by 428.
4
What is the remainder when 987 is divided by 18?
15
Calculate the remainder when 5498 is divided by 81.
71
What is the remainder when 110 is divided by 11?
0
Calculate the remainder when 64 is divided by 20.
4
Calculate the remainder when 507 is divided by 57.
51
Calculate the remainder when 5300 is divided by 34.
30
Calculate the remainder when 363 is divided by 170.
23
Calculate the remainder when 501 is divided by 34.
25
Calculate the remainder when 747 is divided by 13.
6
Calculate the remainder when 1200 is divided by 18.
12
What is the remainder when 115 is divided by 33?
16
Calculate the remainder when 1384 is divided by 21.
19
Calculate the remainder when 446 is divided by 91.
82
Calculate the remainder when 23114 is divided by 17.
11
Calculate the remainder when 66 is divided by 51.
15
What is the remainder when 858 is divided by 10?
8
Calculate the remainder when 4804 is divided by 19.
16
What is the remainder when 303 is divided by 89?
36
Calculate the remainder when 471 is divided by 8.
7
What is the remainder when 545 is divided by 528?
17
Calculate the remainder when 976 is divided by 20.
16
Calculate the remainder when 327 is divided by 98.
33
What is the remainder when 143 is divided by 24?
23
Calculate the remainder when 52 is divided by 31.
21
Calculate the remainder when 82 is divided by 42.
40
Calculate the remainder when 111 is divided by 27.
3
Calculate the remainder when 1148 is divided by 231.
224
Calculate the remainder when 279 is divided by 28.
27
Calculate the remainder when 176 is divided by 23.
15
What is the remainder when 86 is divided by 29?
28
Calculate the remainder when 1293 is divided by 42.
33
Calculate the remainder when 1197 is divided by 33.
9
Calculate the remainder when 1071 is divided by 67.
66
Calculate the remainder when 737 is divided by 119.
23
Calculate the remainder when 160 is divided by 19.
8
Calculate the remainder when 345 is divided by 20.
5
What is the remainder when 125 is divided by 38?
11
Calculate the remainder when 575 is divided by 6.
5
What is the remainder when 774 is divided by 190?
14
What is the remainder when 3126 is divided by 8?
6
What is the remainder when 19859 is divided by 10?
9
What is the remainder when 376 is divided by 114?
34
Calculate the remainder when 353 is divided by 114.
11
What is the remainder when 204 is divided by 5?
4
What is the remainder when 38 is divided by 23?
15
Calculate the remainder when 439 is divided by 17.
14
Calculate the remainder when 300 is divided by 43.
42
Calculate the remainder when 106 is divided by 76.
30
What is the remainder when 229 is divided by 80?
69
What is the remainder when 3091 is divided by 770?
11
Calculate the remainder when 411 is divided by 71.
56
What is the remainder when 1864 is divided by 918?
28
Calculate the remainder when 632 is divided by 209.
5
What is the remainder when 706 is divided by 6?
4
What is the remainder when 404 is divided by 17?
13
Calculate the remainder when 122 is divided by 62.
60
Calculate the remainder when 445 is divided by 14.
11
Calculate the remainder when 5689 is divided by 2841.
7
Calculate the remainder when 36 is divided by 6.
0
Calculate the remainder when 217 is divided by 72.
1
Calculate the remainder when 1800 is divided by 892.
16
Calculate the remainder when 95 is divided by 16.
15
What is the remainder when 105 is divided by 72?
33
Calculate the remainder when 172 is divided by 61.
50
What is the remainder when 158 is divided by 23?
20
What is the remainder when 1649 is divided by 3?
2
Calculate the remainder when 21 is divided by 5.
1
Calculate the remainder when 1097 is divided by 44.
41
What is the remainder when 1155 is divided by 392?
371
Calculate the remainder when 565 is divided by 15.
10
Calculate the remainder when 555 is divided by 80.
75
What is the remainder when 446 is divided by 32?
30
What is the remainder when 805 is divided by 41?
26
Calculate the remainder when 28 is divided by 13.
2
What is the remainder when 6182 is divided by 51?
11
What is the remainder when 72 is divided by 38?
34
What is the remainder when 81 is divided by 28?
25
Calculate the remainder when 46 is divided by 15.
1
Calculate the remainder when 347 is divided by 40.
27
What is the remainder when 7018 is divided by 701?
8
What is the remainder when 1150 is divided by 376?
22
What is the remainder when 137 is divided by 51?
35
Calculate the remainder when 510 is divided by 201.
108
Calculate the remainder when 229 is divided by 73.
10
What is the remainder when 176 is divided by 16?
0
Calculate the remainder when 3425 is divided by 14.
9
What is the remainder when 251 is divided by 20?
11
Calculate the remainder when 267 is divided by 21.
15
What is the remainder when 3583 is divided by 26?
21
What is the remainder when 3950 is divided by 19?
17
Calculate the remainder when 282 is divided by 84.
30
What is the remainder when 1899 is divided by 8?
3
Calculate the remainder when 680 is divided by 76.
72
What is the remainder when 486 is divided by 130?
96
What is the remainder when 657 is divided by 55?
52
Calculate the remainder when 261 is divided by 33.
30
What